units digit of y?
9
Suppose -63008 = -7*w + 4*l, 33*l = -3*w + 38*l + 27010. What is the thousands digit of w?
9
Suppose 5*a - 14752 = 3*t, -7*a - t = -3*a - 11788. What is the thousands digit of a?
2
Suppose o = -0*v - v + 2657, -4*v = -2*o - 10634. Suppose -22*k = -v - 1060. What is the units digit of k?
9
Let o be (14/(-2))/((-350)/100). Suppose -j - 2*j = a - 46, 4 = -o*a. What is the units digit of j?
6
Suppose -38326 = -436*m + 425*m + 30083. What is the units digit of m?
9
Suppose 11*y - 35360 + 10790 - 31057 = 0. What is the thousands digit of y?
5
Suppose -5*a + 72 = -a. What is the hundreds digit of -2 + 13936/a - 24/108?
7
Let y = 502 - 541. What is the tens digit of (y + 40)*(-30)/(-2)?
1
What is the hundreds digit of 301/1505 + 151018/10?
1
Let x(g) = -9*g - 23. Let y = 299 - 304. What is the tens digit of x(y)?
2
Let k be 1*(7 - (-40)/5). Suppose -k*j + 2736 = 9*j. What is the tens digit of j?
1
Suppose -m = 2*c - 135, -4*c - 5*m + 52 + 233 = 0. Suppose 2*u = 3*l - 2*l + 28, -c = 2*l + 5*u. What is the tens digit of (-207)/(-2) + 2 + l/12?
0
Let c = -13315 + 13481. Suppose -4 = -3*x + 2. Suppose -x*l - p = -l - c, -2 = -2*p. What is the tens digit of l?
6
Suppose r - 32252 = -h, 4*r - 5*h - 68409 - 60554 = 0. What is the thousands digit of r?
2
What is the tens digit of (-40437)/((6/(-14) + 0)*84/24)?
5
Suppose -2*g + 1 = -11. Let q = -155 - g. Let y = 25 - q. What is the tens digit of y?
8
Let u = 124333 + -53043. What is the units digit of u?
0
Suppose 2*x = 2 - 6, -3*t - 5*x + 52877 = 0. Suppose 35*o = 28116 + t. What is the tens digit of o?
0
Suppose 2*m - 4 = 0, -4*m - 22710 - 8983 = -3*o. What is the thousands digit of o?
0
Let l(z) = -z**2 - 5*z + 16. Let y be l(-7). Suppose y*k = -0*k + 84. Suppose 3*u = 6 + k. What is the tens digit of u?
1
Let a be (6/15)/(((-21)/15)/(-7)). Let f be ((-8)/(3 + 1))/(a/(-1321)). Suppose 4*z - 4*n = 1064, z + f = 6*z - 2*n. What is the tens digit of z?
6
Let h(l) be the second derivative of 0 + 3/2*l**3 - 7/12*l**4 + 1/20*l**5 - 5*l + 7/2*l**2. What is the units digit of h(7)?
0
Suppose -5*x = d - 74922, 4*x - 4*d - 35181 = 24771. What is the hundreds digit of x?
9
Suppose r - 377 - 37 = -5*u, 0 = 3*r - 2*u - 1225. Let z(n) = 4*n + 81. Let t be z(13). Suppose -i + k = -t, -3*i = k + k - r. What is the hundreds digit of i?
1
Let c be (-34)/6 - 2/6. Let x be c/(-18) + (-1259)/(-3). Suppose 2*a = 7*a - x. What is the tens digit of a?
8
Let g(z) = 103*z**3 - 3*z**2 + 2*z + 1. Suppose -4*b = c - 19, 3*c - 11 - 2 = -b. Suppose 2*s = -2*v, -3*s + 7 = -0*s - b*v. What is the hundreds digit of g(s)?
1
Let h be 42/3 - (-35)/(-7). Suppose 0 = -t + 1, 9 = 4*q - 2*t - h. Suppose 0 = -2*c - q*x + 95, 4*x = -11*c + 7*c + 208. What is the tens digit of c?
5
Suppose -4*h - 57 = -o, 5*o + 29 - 80 = 2*h. Let m = 9 - 30. Let f = h - m. What is the units digit of f?
8
Let w = 7 - 5. Suppose -h - 3 = w*u, -2 = 3*u - 2*h - 8. Suppose 3*s - 6*s + 216 = u. What is the units digit of s?
2
Suppose -310*q - 332506 = -341*q. What is the thousands digit of q?
0
What is the thousands digit of -1*(-28)/112 - 98918/(-8)?
2
Suppose 20*x - 24*x + 93912 = 4*q, 0 = 3*x + q - 70452. What is the units digit of x?
7
Let k = -33 - -36. Let s(d) = -3*d**k - 2*d**3 + 30 + 6*d**3 + 20*d + 22*d**2. What is the tens digit of s(-21)?
5
Let s = 26217 + -17034. What is the thousands digit of s?
9
Suppose 3*q - q = 30. Suppose -5*l + q + 1060 = 0. What is the units digit of l?
5
Let f be (-14)/(1*4/(-38)). Let u = -834 - -837. Suppose -p - u*w = -f, -37 = -4*p + 2*w + 425. What is the tens digit of p?
1
Let c = 1 - 9. Let t(b) = 12*b**2 + 18*b. Let f be t(c). Suppose -10*g + f = -2*g. What is the units digit of g?
8
Let x = 19520 - -14075. What is the hundreds digit of x?
5
Let v(z) = -17*z + 118. Let t be v(27). What is the units digit of t*((-4)/(-6))/((-10)/15)?
1
Suppose 964370 = 145*x - 35*x. What is the units digit of x?
7
Let v(y) = -45*y**3 - 36*y**2 - 84*y + 10. What is the thousands digit of v(-3)?
1
Suppose 0 = 99*w - 141*w + 862218. What is the thousands digit of w?
0
Suppose 179*w - 1314043 - 1514150 = 149293. What is the units digit of w?
4
Let g = 42833 - 27360. What is the units digit of g?
3
Let w = 47502 + -13392. What is the hundreds digit of w?
1
Let u = 1756 + -1180. Let h = -8 + 11. Suppose -16 = -4*b, -5*b - u = -h*i - 2*b. What is the units digit of i?
6
Suppose -q - 152882 = -5*j, -5*j + 690*q - 687*q + 152876 = 0. What is the tens digit of j?
7
Suppose 359*a = 451*a - 2986872. What is the tens digit of a?
6
Let x = -100 - 208. Let p = -203 - x. What is the hundreds digit of p?
1
Let d = -3 + 15. Suppose 0 = -6*l - 0*l + d. Suppose l*p = 4*u + 61 + 11, 20 = 5*u. What is the units digit of p?
4
Let y(d) = -d**2 - 49*d - 107. Let o be y(-28). Suppose -5*b = -5, 2*f - 288 - o = -5*b. What is the units digit of f?
2
Suppose -s + 4*s = -3*c - 3711, 0 = 4*c - 4. What is the units digit of s/(-2) - (-14 - 4)/(-6)?
6
Suppose 731*t + 44463 = 735*t - 3*f, 2*t + f = 22239. What is the units digit of t?
8
Let m = -424 - -606. Suppose -4*f - 3*y = 0, 4*f = 3*f - 2*y. Suppose -9*v + 79 + m = f. What is the units digit of v?
9
Let c = 1501 + 762. Suppose -c - 1757 = -4*d. Suppose 40*j + d = 45*j. What is the hundreds digit of j?
2
Let x be (-4)/20 + 209/(-5). Let y = 45 + x. Let s(u) = -u**3 + 4*u**2 - 1. What is the units digit of s(y)?
8
Let v(q) be the first derivative of -q**4/4 + 14*q**3/3 + 7*q**2/2 - 5*q + 5. Let x be (0 - (-12)/(-8))/((-6)/56). What is the tens digit of v(x)?
9
Let n = 41329 - -20400. What is the tens digit of n?
2
Let b be 1/(-5) + 2/((-70)/133). Suppose -3*o + o = 0, -3*t - 2*o + 828 = 0. What is the hundreds digit of t + b + 2/1?
2
Let u = 362 - 359. What is the tens digit of 10/(40/u) - 4722/(-8)?
9
Let j(p) = -300*p - 1. Let g be (-12)/(-42) + (-27)/21. What is the tens digit of j(g)?
9
Let t(k) = 26*k**2 + 39*k - 235. What is the hundreds digit of t(7)?
3
Let z(a) = -14*a - 6*a - 30 - 6*a + 14*a + 7*a**2. What is the hundreds digit of z(-7)?
3
Suppose 52*n - 530595 = 446693. What is the ten thousands digit of n?
1
Suppose 0*j + 267092 = 28*j. What is the hundreds digit of j?
5
Suppose 5*f + 2407 = 4*o, 0 = -4*o + 9*o + 5*f - 3065. Let z = -144 + o. What is the tens digit of z?
6
Let o be 4/3*30/20. Let y = -576 + 1281. Suppose 5*u + 25 = 0, -3*b + 3*u + y = o*b. What is the units digit of b?
8
Suppose -4*p - 565 = 155. Let w = 258 + p. Let m = -45 + w. What is the tens digit of m?
3
Suppose -5*k = -z + 4, -5*z + 10*z - 5*k = 0. What is the units digit of (2 - (1 - 0))*(-1118)/z?
8
Suppose -4*y = -4*f + 30884, 55*f + 15448 = 57*f + y. What is the units digit of f?
3
Let s be ((-18)/(-24))/(4/304). Let t = s - 42. What is the units digit of (t/9)/((-1)/(-18))?
0
Suppose -385*t - 393*t = -766*t - 1077504. What is the units digit of t?
2
Suppose 4 = -4*v, -5*p + 7 = -2*p + 5*v. What is the units digit of 13708/(-69)*(-6)/p?
8
Let u be -1 - 1 - 80/(-40). Suppose -2*c - 5*h + 4*h + 69 = 0, u = 2*c + 4*h - 78. What is the tens digit of c?
3
Suppose 3*q - 2*q + a - 21 = 0, 0 = -2*a. What is the hundreds digit of (-15)/105 - (-13149)/q?
6
Suppose 5*d + 3*w - 23 = 82, -41 = -2*d - w. Suppose r + f = -9 - d, r + 15 = 2*f. Let t(y) = -y**3 - 24*y**2 - 28*y - 29. What is the units digit of t(r)?
6
Let m(l) be the second derivative of -2*l + 0 - 51/2*l**2 + 11/6*l**3. What is the tens digit of m(7)?
2
Let v(z) = -13*z + 59. Let o = 52 - 72. What is the tens digit of v(o)?
1
Suppose -182*w - 1592 = -180*w. What is the tens digit of w/(-19) + (-14)/(-133)?
4
Suppose -4*d - 16 = -6*d. Let l be (0 - (-4)/d)/(5/(-90)). Let v(w) = w**2 - 20*w - 20. What is the units digit of v(l)?
1
Suppose 436374 = 31*c - 3*u, 21*u = 24*u + 18. What is the tens digit of c?
7
Suppose 0 = 9*h + 2*a - 90687, -3*h + 0*a = 2*a - 30237. What is the tens digit of h?
7
Let r be 3 + -1 + -11 + 6. What is the hundreds digit of (-6)/r + 3 + 130?
1
Suppose 44372 = 97*u - 10*u - 52024. What is the units digit of u?
8
Suppose 4*s = -2261 + 17585. What is the units digit of s?
1
Let c = 18 + -8. Suppose -98 + c = u. Let z = -38 - u. What is the units digit of z?
0
Let u(z) = 342*z - 22. Let w be u(-5). What is the tens digit of (4/(16/(-6)))/(